= 7*j + 5*j + 12*j + 28*j - 48*j + 2. Let t(f) = f**3 + 7*f**2 - 9*f - 5. Let s be t(-8). What is x(s)?
14
Let n(u) = -u**3 + 5*u**2 - 3*u + 4. Suppose 46*x - 45*x = 0. Suppose -2*p = 5*w - 26, -w - 2*w + 4*p = x. What is n(w)?
8
Let o(y) be the first derivative of -3*y**6/40 - y**5/60 - y**4/24 + 11*y**2/2 + 6. Let a(u) be the second derivative of o(u). Calculate a(-1).
9
Let g be 3/(-2)*8/(-6). Let r = -45 + 45. Suppose -q + c = 0, r*q = q - g*c + 2. Let a(l) = -l**3 + 3*l**2 + 2*l - 2. Calculate a(q).
6
Let x(t) be the third derivative of 0 + 0*t + 1/4*t**4 - 9*t**2 - 1/2*t**3 - 7/60*t**5 + 1/120*t**6. What is x(6)?
-3
Let d(c) = -c. Let t be d(-2). Let a(b) = -b + 0*b + 3 - 4 - t. Let s = -14 + 8. Give a(s).
3
Let m(r) be the first derivative of r**4/4 - 19*r**3/3 - 19*r**2/2 - 19*r + 112. Determine m(20).
1
Let z(u) = -u**3 + 21*u**2 + 2*u - 46. Let r be z(21). Let i(h) = h**2 + 4*h - 4. Let k(m) = -1. Let x(c) = i(c) - 5*k(c). Give x(r).
1
Let q(z) = 3*z**3 + z**2 + 2. Suppose -37*s = -40*s - 90. Let r be (3/(15/2))/(6/s). Give q(r).
-18
Let c(i) = -i + 5 - 1 - 4 - 1. Let b(l) = 3*l - 1. Let h(x) = b(x) + 2*c(x). What is h(3)?
0
Let d(y) = -6 - 3*y**3 + 8*y - 7*y**2 + 3*y**3 - 6*y**3 - 1 + 7*y**3. Calculate d(6).
5
Let b(u) = 1 + 0 + 9*u - 8*u + 9 - 18. Determine b(8).
0
Let r(u) be the third derivative of u**5/60 - 11*u**4/24 - 2*u**2. Let k be r(11). Let x(o) = 16 - 7 - 3*o - o**2 + k*o**2 - 4. Determine x(-5).
-5
Let h(b) = 3*b**2 - 4*b + 2. Suppose 0 = 3*c - 5 - 1. Suppose 3 = -r + 5*z + c, 0 = r + 3*z - 7. Suppose w + r = 3*w. What is h(w)?
6
Let q(l) = -6*l - 6. Suppose -f - 3 = -1. Let m be q(f). Let c(i) = -4*i - 3*i + 8*i - m. Calculate c(9).
3
Let t be (-300)/50 + 10 + 1 + 3. Let n(g) = -g**3 + 8*g**2 - 16. What is n(t)?
-16
Let t(z) be the second derivative of -z**4/12 - 12*z - 1. Let s be (4 - 2) + (-4 - -1). What is t(s)?
-1
Suppose 0 = w + 4 + 2. Let q(p) = 1. Let d(h) = -h**2 - 7*h - 1. Let l(b) = w*q(b) + d(b). Determine l(-5).
3
Let w be 3 - (-102)/(-30) - 707/(-5). Let k(x) = -w*x - 1 - x**3 + 279*x - 137*x - x**3 + x**2. Calculate k(2).
-11
Let i(n) be the second derivative of -n**4/24 + 7*n**3/6 + 17*n**2/2 + 16*n. Let m(u) be the first derivative of i(u). Give m(9).
-2
Let i(c) = c**2 - 2*c. Let m be i(0). Let n(d) = 5*d - 13. Let k(f) = -6*f + 12. Let u(a) = -4*k(a) - 5*n(a). Calculate u(m).
17
Suppose -5*i = 5*d - 5, 2*i - 3*d - 14 = -d. Suppose i*o = o - 6. Let q(h) = 9*h + 3. Let t(a) = a. Let s(p) = -q(p) + 5*t(p). What is s(o)?
5
Let s be (-1 - 0)/((-2)/4). Suppose 6*p - 12 = s*p. Let m(c) = -5*c + 1. Let j(a) = -3*a + 1. Let r(y) = -7*j(y) + 4*m(y). Give r(p).
0
Let y(j) = 15*j + 85. Let g(u) = -u - 6. Let n(b) = -85*g(b) - 6*y(b). Suppose 0 = x + x - 3*c - 7, -9*x + 21 = -3*c. Give n(x).
-10
Suppose 0*w = -7*w + 35. Suppose t = -z - t + 5, 3*t = w*z + 14. Let x(r) = 11*r**3 + 2*r**2 - 1. Give x(z).
-10
Let r(p) = p**2 + p**3 - 2*p**2 + 5 + 3*p - 7. Let u be r(1). Let h be (-9 + 5)*u/(-4). Let a(m) = 3*m**2 + m. What is a(h)?
4
Let b = 11 + -7. Let n(i) = -39 + 38 - 4*i + 4. Calculate n(b).
-13
Let c(t) be the second derivative of t**5/20 + 5*t**4/12 + t**3/3 - 3*t**2 - 12*t. Let s be c(-4). Let k(n) = n**3 - 3*n**2 - n - 1. Determine k(s).
-7
Let x(p) = 5*p**2 - 6*p - 9. Let t(i) = 4*i**2 - 7*i - 8. Let k(l) = 6*t(l) - 5*x(l). Calculate k(-11).
8
Let x be 1 - 0 - (7 - 10). Suppose 2*q - x + 0 = 0. Let f(d) = d - 1. Let u(m) = m**2 - m. Let a(b) = 3*f(b) - u(b). What is a(q)?
1
Suppose 10*v + 19 = 79. Let m(p) = -9*p**2 + 9*p + 2. Let b(r) = -4*r**2 + 5*r + 1. Let f(t) = -7*b(t) + 3*m(t). What is f(v)?
-13
Let w(j) be the first derivative of 0*j - 4 - 9 - 2*j - j**2 + 6. Determine w(-2).
2
Suppose 8*j = -2*m + 7*j - 7, -5*j - 9 = -3*m. Let u(r) = -4*r**2 - 4*r - 3. What is u(m)?
-11
Let b(s) be the first derivative of s**4/3 - 9*s**2 - 22. Let d(v) be the second derivative of b(v). Determine d(1).
8
Let m = -79 - -88. Let o(v) = 11 + 2*v**2 - 19 + m - 2*v. Calculate o(1).
1
Let s(x) = 0*x + 7*x - 4*x + 10. Determine s(-9).
-17
Let c = 4 - 6. Let z(l) = -3*l**2 - 2*l - 6. Let r(f) = -5*f + 1. Let m be r(1). Let j(k) = -3*k**2 - 2*k - 7. Let y(t) = m*z(t) + 3*j(t). What is y(c)?
11
Suppose -v = -2*v + 6, -a + 2*v - 9 = 0. Let x be 8/6*3/2. Let m(w) = x + w**2 - w - 3 + 5. What is m(a)?
10
Let w(x) = x**2 + 4*x - 7. Let c be w(-5). Suppose -q - 4*d = -22, 4*q = 5*d - 9 - 8. Let u(a) = 3*a**2 - a**3 - 1 + q*a + 2*a + 1 + 2. Determine u(c).
14
Let p(n) = -17*n**2 + 4*n**2 + 2*n**2 + 10*n**2 - 9*n + 1 + 2. Determine p(-8).
11
Let z(j) = -2*j - 1. Suppose 45*m = 50*m, r + 4 = -m. What is z(r)?
7
Let g(s) = -s**3 - 12*s**2 - 2*s - 22. Let h be g(-12). Let i(m) = -m**2 + 4*m + 2. Determine i(h).
6
Let r(h) = h**3 - h**2 + 1. Let k(a) = -7*a**3 - 3*a**2 - 14. Let d(c) = k(c) + 6*r(c). Give d(-9).
-8
Let j be (-54)/(-14) - 2/(14/(-1)). Let m(p) = -p**2 + 3*p + 6. Calculate m(j).
2
Let r(t) = -t - 1. Let l(q) = q**3 - 3*q**2 - 12*q + 5. Let o(f) = -l(f) + 5*r(f). What is o(4)?
2
Let x = -223 - -73. Let y = x + 154. Let c(a) = 7*a**3 - 11*a**2 - 17*a + 7. Let t(f) = 3*f**3 - 5*f**2 - 8*f + 3. Let r(w) = 2*c(w) - 5*t(w). Determine r(y).
7
Let q(t) = -t**2 - 1 - 10*t - 5*t + 5 + 11*t + 1. Give q(-6).
-7
Let z(d) = -7*d**2 + d + 5*d**3 + 31 - 43 - 4*d**3. Let i be z(7). Let c(o) = -o**2 - 6*o - 8. Let m be c(i). Let k(g) = 3*g + 4. What is k(m)?
-5
Let b(h) be the third derivative of h**5/60 - 5*h**4/24 + h**3/3 + 5*h**2 - 4*h. Calculate b(4).
-2
Suppose y - 3 = 0, -4 = 4*m - y - 13. Suppose 5*l = v + 19, -m - 4 = v - 2*l. Let h(d) = -10*d. Calculate h(v).
-10
Let j(c) = -1270 - c + 632 + 634. Calculate j(10).
-14
Let l(b) = b**2 + 2*b - 4. Let g(j) = -j**2 - 1. Let y be g(-2). Suppose d - 7 = -8. Let q(n) = -n + 1. Let a(w) = d*l(w) + y*q(w). Determine a(3).
-1
Let p(i) = i**2 - i + 1. Let w(h) = -4*h - 16. Let j be w(-6). Suppose 3*f = -3*x + 12, -5*x - 7 = j. Suppose f - 4 = t. Calculate p(t).
7
Let o(l) be the first derivative of l**4/4 - l**3/3 + l - 288. Determine o(1).
1
Let h = 73 - 63. Let n(c) = 9*c**2 - h*c**2 + 0 - 2 + 0*c - c. Suppose 5*a = 0, 5*a + 8 = 4*u + 20. What is n(u)?
-8
Let m(s) = 59*s - 27 + 31470*s**2 - 15731*s**2 - 15736*s**2. What is m(-20)?
-7
Let i(s) = s**2 + s - 7. Let b(d) = 5*d**2 + 6*d - 37. Let x(v) = 2*b(v) - 11*i(v). What is x(3)?
-3
Suppose -2*j = l, -5*l - j + 3*j = 12. Let x(m) = -2*m - 2. Let g be x(l). Let d(k) = g*k**2 + 0*k**2 - k**2 + 5*k - k - 3. What is d(-6)?
9
Let w = -59 + 62. Let f(y) = 26*y**w + 2 - 4*y**2 - 1 - 27*y**3 + 1. Determine f(-3).
-7
Let v(o) = -7*o + 100. Let i be v(14). Let u(x) = -x**2 - 2*x + 4. Determine u(i).
-4
Let a(g) = -4*g - 25. Suppose -4*u + 5*u + 11 = 0. Give a(u).
19
Let p(m) = -m**2 + 15*m - 33. Let q be p(12). Let k(y) = y - 147*y**2 + 4*y**3 - 3*y**3 + q + 142*y**2. What is k(3)?
-12
Let h be (-6)/15*(2 - 5/(-10)). Let o(x) = -16*x**2 + 1. Give o(h).
-15
Let l(f) = f**3 - f + 1. Let c(j) = j**2 + 2*j - 26. Let s be (6 - (-96)/(-14))/((-1)/(-7)). Let i be c(s). Give l(i).
-5
Let q(d) = -d. Let a be 3/(-1*10/12)*20. Let w = 65 + a. Calculate q(w).
7
Suppose 60 = 23*g - 53*g. Let f(p) be the second derivative of -p**3/6 + 2*p. Determine f(g).
2
Let f(b) = 0 + b**2 - 7 + 5 - 2*b**2 + 8*b. What is f(3)?
13
Let d(w) = -3*w - 16. Let s(i) = -i + 6. Let c(o) = d(o) - 4*s(o). Determine c(0).
-40
Let z(v) = 10*v**2 - 6*v - 9. Let y(c) = -4*c**2 + c. Let l(u) = -2*y(u) - z(u). Give l(7).
-61
Let y(q) = q + 15. Let m(c) = 5*c + 62. Let z(r) = -2*m(r) + 9*y(r). Give z(7).
4
Let p(t) = 592 - 50*t + 41*t - 589. What is p(0)?
3
Let k(s) = s**2 + 1. Let v = 6 + -9. Let x be -3 - ((-8 - v) + -3). Suppose -4*a - 10 - 12 = 5*i, x*a = -i - 17. What is k(i)?
5
Let j = 24 + -21. Let y(p) = 0*p**2 - 2 + 3*p - 2*p + p**2 + j. Determine y(2).
7
Suppose a = 2*z + 2, 4*a - 7*a + 6 = -z. Let x(n) = 2 - n**3 + z*n**2 + 5 - 3 - 5*n + 3*n**2. Give x(3).
-11
Let h(v) be the first derivative of -3 - 1/3*v**3 - 2*v + 7/2*v**2. Give h(6).
4
Let p(n) be the first derivative of -2*n**2 + 2*n - 442. What is p(-9)?
38
Suppose 15*g - 13*g - 250 = 0. Let p(x) = -g - 4*x**2 + 2*x + 6*x + 5*x**2 + 121. Give p(-8).
-4
Let u(y) = y**3 + 10*y**2 + 16*y + 3. Suppose -14*p + 27 = 139. What